 7636. Suppose -5312 = -4*u + c. Is u composite?
False
Suppose 16*x - 110306 = -27378. Is x a composite number?
True
Suppose -m + 1278 = m. Suppose 498 + m = 3*a. Is a composite?
False
Let y be (4 - 1) + -8 + 10. Let p(a) = 4 - 5*a**3 - 2*a - y*a**2 + 4*a**3 + 0*a**3. Is p(-5) a composite number?
True
Let c = -4 + 10. Suppose -3*i = c, 2*t = -t + 2*i + 10. Suppose 0 = -t*g - 0*g + 410. Is g composite?
True
Let u(d) = 556*d - 45. Let t be u(-11). Is (8/12)/(-2)*(t - -2) a prime number?
True
Suppose 5*w - 649 = 3*s, 0 = 3*s + 2*w + 642 + 35. Let g be s/(-4) - (-4)/16. Is (g/(-16))/(2/(-4)) a composite number?
False
Suppose 6*x + 47 = 161. Suppose -x + 582 = n. Is n a composite number?
False
Let a = -10 - -22. Let l(r) = r**2 - 12*r + 4. Let g be l(a). Is 1177/g - 12/(-16) prime?
False
Suppose 0 = 5*b + 20, 2*v + 2*v + 2*b = 1296. Is v a prime number?
False
Let v(n) = n**2 + 2*n + 2. Let g be v(0). Suppose 1806 = g*s + 212. Is s composite?
False
Is (-4)/((-4)/1835)*(-44)/(-110) a composite number?
True
Suppose 0 = -4*c + 25 - 21, 4*c = 5*t - 24711. Is t a composite number?
False
Is 6 + (10/(-5) - -20785) a composite number?
False
Suppose -53545 = -30*k + 25*k. Is k a composite number?
False
Suppose 7*a - 2*a = 25. Let p(d) = 31*d**2 - 5*d + 4. Let t(s) = s**2 + s - 1. Let q(v) = a*t(v) + p(v). Is q(2) a prime number?
False
Suppose -2*o = -8 - 2. Suppose -408 = -o*i + 857. Is i a prime number?
False
Let j = -98 + 244. Is j prime?
False
Let i be (3 - 4) + -3 + -1. Let o = i - -7. Is o*233*(-1)/(-2) a prime number?
True
Let g(q) = q**2. Let v be g(-2). Is (0 - -7*127) + v prime?
False
Let g(z) = 153*z**2 + 4*z - 2. Let t(u) = 154*u**2 + 5*u - 1. Let w(v) = 6*g(v) - 5*t(v). Is w(4) a prime number?
True
Let f(d) = -2*d + 18. Let s be f(8). Let y(i) = 13*i**3 + 4*i + 1. Is y(s) prime?
True
Suppose -1709 = -3*y - 137. Suppose -y = 5*t - 9*t. Is t prime?
True
Suppose -2547 = -8*z + 5*z - 3*l, -10 = 5*l. Is z a prime number?
False
Is ((-18)/(-27))/(7/((-95781)/(-2))) a prime number?
True
Suppose 0*d - 9*d + 90 = 0. Let y(k) = k**3 + 5*k**2 - k - 17. Is y(d) composite?
True
Let s(v) = -7274*v + 43. Is s(-2) prime?
True
Is (-461682)/(-24) - (-4)/(20 + -4) a composite number?
False
Is (-1)/(6/(-1434) - 0) composite?
False
Let n be 1 - (-5 - -4) - 0. Suppose 4*y + 0*k - k - 1417 = 0, n*k + 1069 = 3*y. Suppose -u - 236 = -2*z, 2*u = -z + 4*z - y. Is z composite?
True
Suppose 9402 = 3*v + p, -5*p - 12547 = -4*v - 10*p. Is v a composite number?
True
Suppose -3*h = -0 + 3, 4*h = 5*f - 77639. Is f prime?
True
Let d be ((-3)/2)/((-15)/40). Suppose -898 = -d*j + 890. Is j composite?
True
Let g = -7338 - -18085. Is g a composite number?
True
Let v(n) = 59*n**2 + 10*n + 40. Is v(9) a composite number?
False
Suppose 5*c - 238 = -2*w - w, 0 = 4*c + 4*w - 192. Suppose 4*t - c = 113. Is (-37 + -1)*t/(-16) composite?
True
Suppose 39 = -5*u - 1. Let s = -3 - u. Is (5/s)/(1/15) a prime number?
False
Let k be ((-104)/(-65))/((-2)/(-5)). Suppose 0 = -k*f - f + 2215. Is f composite?
False
Let v(g) = 26354*g - 239. Is v(5) a composite number?
True
Suppose -5*a + 3*a = -5830. Suppose 10*y + a = 15*y. Is y composite?
True
Let q = -284 - -1664. Let i = q + -2651. Let r = i + 2142. Is r a prime number?
False
Suppose 25*b - 16*b - 5229 = 0. Suppose 8 = -o + 3*o. Suppose 3*i = 5*p + 617, -4*i + i - o*p + b = 0. Is i a composite number?
False
Let b be 8/(-6) - 2 - (-8)/(-12). Let t(y) = 84*y**2 - y - 3. Is t(b) a composite number?
True
Suppose 3*w - 1 = -13. Is (-3 - -156) + (w - 0) a composite number?
False
Let i(k) = k**3 - 3*k**2 - 40*k + 31. Is i(27) a prime number?
True
Let v(z) = 470*z + 28. Is v(3) prime?
False
Let q(o) = 11*o**2 + 12*o - 10. Let m be q(-6). Suppose -10*x - m = -12*x. Is x composite?
False
Suppose j + 5*q - 42 = 0, -j + 4*q + 20 = -13. Is j prime?
True
Let n be 15/(-10) - 6/(-4). Suppose 6*u - 71 = 25. Suppose -s - 4*r = -211 + u, -2*s - 2*r + 366 = n. Is s a composite number?
False
Let a(w) be the second derivative of w**5/20 - w**4/6 - w**3 - 7*w**2/2 - 12*w. Is a(8) composite?
True
Suppose 0*h = 2*h - 2, 0 = -5*z - 3*h + 13. Let r(s) = 2 - 6*s**2 + 2 + 7*s**z - 5*s - 3. Is r(14) a composite number?
False
Suppose -5412 = -4*f + 640. Suppose 2*y - f - 997 = 0. Is y a prime number?
False
Suppose 30 = -z + 3*n + 262, 2*z - n - 454 = 0. Suppose -4*u = -6*u + z. Is u composite?
False
Let f = -573 + 2149. Let p = f + 219. Is p a composite number?
True
Let l be (2 - (-1)/(-1)*-1) + -2. Let t(h) = 162*h**3 + h**2 + h - 1. Is t(l) a prime number?
True
Let p be ((-4)/6 + 35/21)*2. Suppose 0 = -5*l - 2*j + 2420, p*l - 677 = -4*j + 307. Is l a prime number?
False
Let y = 13620 - 5539. Is y prime?
True
Let m = -15600 + 23321. Is m composite?
True
Let h = -10 + 9. Let r be -3 + -2 + h + 16. Let s(j) = j**2 + 12*j - 9. Is s(r) composite?
False
Suppose 0 = -v - 5*a + 16367, -23*v + 21*v - 2*a + 32758 = 0. Is v composite?
True
Suppose 0 = z - 4, 7*l - 2*l = -z + 8604. Let o = l + 733. Is o a prime number?
False
Suppose 15 = -2*w + 3*l, -l + 7 = -5*w + 2. Let y(v) = 4*v + 265. Is y(w) a composite number?
True
Let i(h) = -37390*h - 157. Is i(-2) a composite number?
False
Suppose 5*u - 4*h - 75 = 0, -5*u + 3*h + 43 = -27. Let n(v) = v - 1. Let s(i) = -i**3 + 11*i**2 - 1. Let m(y) = 2*n(y) + s(y). Is m(u) prime?
True
Let k(x) = x**3 - 17*x**2 + 3*x - 46. Let g be k(17). Is 56690/14 - (g + (-297)/63) a prime number?
True
Suppose 1201 + 334 = 5*p. Is p prime?
True
Is (-26)/(-39) + 38234/6 prime?
True
Suppose 350*p = 338*p + 438276. Is p a prime number?
True
Let g = 135 - 20. Suppose 0 = 2*l + 3*l + 5*a + g, -5*l = -4*a + 160. Is (-6)/8 - 3129/l prime?
False
Let a(y) be the third derivative of y**6/30 - y**5/60 - y**4/3 - y**3/3 + 9*y**2. Is a(4) prime?
False
Suppose 11*h - 6 = 12*h. Is (3740/(-8) + -2)/(h/8) composite?
True
Suppose -2*x + 6 = 2*r, 3*x + x + 2*r - 14 = 0. Let c be x - (150/3)/(-2). Suppose 13 = 6*k - c. Is k a prime number?
True
Let l = -15 - -21. Let h(f) = -5*f - 2. Let j be h(l). Let c = j - -63. Is c a prime number?
True
Let w = -1049 - -2446. Suppose w + 1113 = 10*b. Is b composite?
False
Let t(r) be the first derivative of -1/2*r**2 - 13*r + 11 + 11/3*r**3. Is t(-6) a composite number?
False
Suppose -3*q + 18 = -0*q. Suppose -q*t - 6805 = -11*t. Is t a prime number?
True
Suppose -8*c - 49 = -c. Let i = -4 - c. Suppose -i*k = 2*k - 3145. Is k a composite number?
True
Let m(z) = -z**3 + 7*z**2 - 8*z. Let c be m(6). Let a(v) = 3*v**2 - 16*v + 9. Let t be a(c). Suppose -4*w + 4*y = 399 - 1671, -2*w - y = -t. Is w composite?
False
Let v = 5 + -2. Let p = -29 - -26. Is p + 0 - (v + -137) composite?
False
Suppose 25*m + 72 = 21*m. Let z = 305 + m. Is z a prime number?
False
Is 65176/4 + -6 + 6 a prime number?
False
Let g = -38 + 52. Suppose 0 = 5*q - x - 267, -2*q + g = -4*x - 100. Is q prime?
True
Let n(t) = -7*t - 4 - 76*t - 100*t. Is n(-1) a prime number?
True
Let n(d) = -d**2 + 14*d + 4. Let b be n(15). Let s = 0 - b. Is s a composite number?
False
Let z(y) = y**2 - 14*y + 29. Let m be z(12). Suppose 912 = m*v - 2043. Is v prime?
False
Suppose -7*t + 3674 + 5853 = 0. Is t composite?
False
Let c(o) be the third derivative of -o**6/20 - 7*o**5/120 + o**4/6 - 2*o**2. Let g(n) be the second derivative of c(n). Is g(-9) a composite number?
False
Suppose -2*t = -7*t + 10. Suppose 0*j + t*j = x - 3, 6 = -3*j. Is 2 - (-209)/((-1)/x) prime?
True
Let a(w) = 5112*w + 293. Is a(7) prime?
False
Suppose 0 = 8*g + 6 - 14. Is -113*g/2*2/(-1) composite?
False
Let k(r) = 4*r**2 + 11*r + 19. Let g be k(-8). Suppose -2*i - 4*b = -534, -i - b + 78 = -g. Is i a prime number?
True
Let r(y) = -3*y**3 + 23*y**2 + 31*y + 211. Is r(-16) prime?
True
Let c(r) = -r**3 + 5. Suppose 0 = 5*t - 7*t. Let h be c(t). Suppose -4*n = -h*w + 3163, -w + 2*n = -0*w - 629. Is w a composite number?
True
Let f = -281 + 517. Suppose f - 1241 = -3*y. Is y a composite number?
True
Let t(m) = 38*m**2 + 22*m - 83. Is t(4) prime?
True
Is 6/18 + 601320/18 + -4 composite?
False
Is (0/1 - 2)/(8/(-68372)) composite?
False
Is (14/(-3))/(2/(-411)) prime?
False
Suppose 5*g - 81951 = 5*k - 28421, -5*k = 4*g - 42815. Is g a prime number?
False
Suppose -7176 = 2*g - 25930. Suppose -8088 = -7*t + g. Is t a composite num